alse
Let p be 8 + 5 + (-1)/1. Suppose -4*m + p = 3*u, 2 + 1 = 4*u + m. Suppose 0 = 6*j - 2*j - 5*o - 3584, 2*j + 5*o - 1822 = u. Is j a composite number?
True
Let m(o) = -332*o**3 + 19*o**2 + 7*o + 5. Is m(-4) a composite number?
False
Suppose a = 0, -28*g - 3*a = -32*g + 148. Is 6/3 + 1 + 170866/g prime?
True
Is (-3 + (-1378)/13)*-10267 composite?
True
Let g be (-2*(-327)/6)/(-3 - -2). Let y = g + -73. Let u = 421 + y. Is u a composite number?
False
Let l(r) = r**3 + 13*r**2 - 14*r + 2. Let m be l(-14). Let b be ((-20)/m)/2 + 5. Suppose -q + 1492 = -b*y + 5*y, -2*q + 3*y + 3023 = 0. Is q a composite number?
True
Suppose 0 = 367*n - 82*n + 78*n - 63724287. Is n composite?
True
Suppose 0 = 5*q + 2*a - 6*a - 868, 0 = -5*q + 2*a + 874. Let f be 1 + (-13120)/(-7) - (-8)/(-28). Let d = f + q. Is d a prime number?
False
Let c(d) = -1536*d**3 + 4*d**2 + 15*d + 96. Is c(-5) a prime number?
True
Let n = -77 + 147. Let m = 72 - n. Is (-1*m)/(12/(-1014)) prime?
False
Let y(c) = -c**3 - 6*c**2 + 5*c - 8. Let z be y(-7). Suppose z*x - 2*x - 2540 = 0. Suppose -1149 - x = -4*d. Is d composite?
True
Suppose 0 = 5*u - 10, -4*u + 1131 = 4*g - 64765. Suppose -4*b = -5*p - 858 + 21449, -4*p + g = -4*b. Is p a composite number?
True
Let g(f) = f**3 - 24*f**2 + 24*f - 26. Let w be g(23). Is 1/(1 - (1 - w/(-11283))) a prime number?
True
Let k(q) = 12*q + 196. Let y be k(-15). Suppose 30566 = y*j - 2730. Is j a prime number?
True
Let u = -2950 - 1222. Let n = 6625 + u. Is n composite?
True
Let p(q) = 3875*q - 25. Let d(m) = 969*m - 6. Let u(o) = 9*d(o) - 2*p(o). Let s = -161 + 162. Is u(s) composite?
False
Suppose 514*k - 433*k - 33150951 = 0. Is k prime?
True
Suppose 190 = y + 619. Let g = y - -1348. Is g a prime number?
True
Let f(u) = -2*u - 58. Let y be f(-30). Let v be y - -2*5/(-5). Suppose v = 4*s + s - 13405. Is s a composite number?
True
Suppose 0 = 5*t - 10, -5*s - t = 4*t - 45. Let k(l) = 36*l - s - 2 + 2 + 2. Is k(15) composite?
True
Let t(s) = 12 + 16 - 58*s - 157*s. Is t(-9) a composite number?
True
Suppose 7*a - 19194 - 108689 = 0. Is a composite?
False
Let x be -2*21*8/(-48) - 5. Let m be (-2 - 0/2)*1. Is (x - m)*2/(-16)*-838 prime?
True
Suppose -177*n + 155*n + 83138 = 0. Is n a prime number?
True
Let i(v) = 3*v**3 - 67*v**2 + 110*v - 527. Is i(43) a composite number?
True
Let j = -81593 + 166540. Is j a composite number?
False
Let w(o) = 189*o**2 - 6. Let b(j) = -j + 1. Let d = 4 - 3. Let n(m) = d*w(m) + 2*b(m). Is n(-3) a composite number?
True
Let r(k) = k**3 - 7*k**2 + 8*k + 9. Suppose u = -5*i - 5, 5*i - 2*u + 12 = 4*i. Let d be -4 + 16 + 2/i. Is r(d) composite?
True
Let n = 211929 - 87116. Is n prime?
False
Let r(w) = -2*w**2 + 86*w - 84. Let z be r(42). Let x(a) be the first derivative of a**4/4 + a**3/3 - a**2/2 + 685*a + 9. Is x(z) prime?
False
Let i = -162334 - -236613. Is i composite?
False
Let r(k) = 5*k**3 - k**2 - 18*k + 1. Suppose -15*s - 3*s = -180. Is r(s) a prime number?
True
Let x = 33 - 20. Suppose -16*m + x*m + 9 = 0. Let v(s) = 97*s - 4. Is v(m) a prime number?
False
Let k(t) = -453*t - 12. Let m(j) = -j**3 - 9*j**2 + 21*j - 16. Let b be m(-11). Let h be k(b). Suppose -h = -2*z - z. Is z a composite number?
False
Suppose 0 = -5*z - 2*i + 2435, -4*i + 8 = -12. Let n = z + -162. Is n a prime number?
False
Suppose x = -p + 171475, -403683 = -8*x - 2*p + 968069. Is x a composite number?
False
Let i(t) = t - 94. Let o be i(19). Is 178*(-7)/5*o/30 composite?
True
Let r = 85 - 69. Let y = r - -699. Suppose 4*l = 2*i + 1970, 3*l + 4*i - 2198 + y = 0. Is l prime?
False
Is (-3)/60*-6 - 533505/(-150) a composite number?
False
Suppose 26*r - 56770 = 167532. Let v = 16620 - r. Is v prime?
True
Is -45 + 46 - 103260/(-2) a composite number?
False
Let x(f) = 135*f**2 + 148*f - 54. Is x(29) a prime number?
True
Let p = 10 + 5. Suppose -14*m + p*m = 0. Is m + 67*(-3)/(-3) composite?
False
Let h(p) = p**3 + 3*p**2 - 8*p + 6. Let t be h(-5). Let k be t*((-92)/(-40))/(2/65). Let n = k + 456. Is n prime?
True
Let y = -14 - -35. Suppose -y*g + 38*g - 135626 = 0. Is g composite?
True
Let c(j) = 171*j**2 + 12*j - 104. Let y be c(8). Suppose 4*m = 12*m - y. Is m a composite number?
False
Let o(h) = 5*h - 51. Let g be o(11). Suppose 5*d = -g*p + 7484 + 9224, 3*p = -d + 12531. Is p a prime number?
True
Suppose 2*t = 4*f + 5*t - 2405, 2*t + 2 = 0. Suppose 5*q - f = -5*l - 3867, 5*l + q = -3269. Let h = l - -985. Is h a composite number?
False
Let t be 73/(-4) - (-11)/44. Is t/108 - (-27967)/6 a prime number?
False
Suppose -5*l + 32021 = 12236. Is l + 2*(-4 + -3 + 5) a prime number?
False
Let z(t) = t - 2. Let b(u) = 53*u + 15. Let m(f) = b(f) - 2*z(f). Let h = 3 - -6. Is m(h) a prime number?
False
Is (-729772)/(-6) - (13 - 184/12) a prime number?
True
Suppose -v + 4*v + v = 0. Suppose 12*h - 14103 - 18069 = v. Is h prime?
False
Let z(a) = 7993*a + 263. Is z(2) prime?
True
Suppose 0 = 4*g - 6*g + 3*q + 6, -2*q - 15 = -5*g. Let f(d) = -19 + 2*d - 1 + 11*d**2 - d**g - 11. Is f(9) composite?
False
Let v(h) = -h**2 + 9*h + 82. Let a be v(-5). Suppose 6*r = a*r - 1206. Is r prime?
False
Let z = 2588 + 2429. Is z composite?
True
Let g(k) = -10*k**3 + 28*k**2 + 32*k + 293. Is g(-21) a prime number?
True
Suppose -4*x - 329 + 493 = 0. Suppose x*a + 129485 - 547398 = 0. Is a a composite number?
False
Let o(v) = 25*v**2 - 67*v - 371. Is o(-23) a prime number?
False
Let j = 61 + -68. Let v(w) = w**2 + 6*w + 5. Let x be v(j). Let k(b) = 6*b**2 - 2*b + 13. Is k(x) prime?
True
Let m(w) be the third derivative of 1277*w**6/24 + w**5/60 - w**4/24 - 53*w**2. Is m(1) composite?
True
Suppose -32 - 78 = 5*c. Is 273405/c*-3*4/18 composite?
True
Suppose -3*f + 2*f - 4*m = 0, -5*f + 30 = 5*m. Suppose 2002 = f*y - 4726. Is y prime?
False
Is (-7 + 2 + 6)/(4 + (-2161612)/540404) prime?
True
Let o = -185997 + 575656. Is o a composite number?
False
Let c = 32964 - 63755. Let a = -21888 - c. Is a a composite number?
True
Suppose 4*n - 166501 = -3*m + 1039384, -2*n = 4*m - 1607850. Is m a composite number?
True
Suppose 5*l + 37 = 2*d, -4*l - 2 = 3*d - 0*l. Suppose 4*v = 2*t + 2, d*v - 3*t = 7*v - 11. Suppose -10*u + 156 = v*u. Is u prime?
True
Let x = 56 - 54. Suppose 12*i - 3790 = x*i. Suppose o - i = -0*o. Is o prime?
True
Let z = 41 - 36. Suppose -2*a + 845 = z*q, 2*a + 659 = 4*q + 7*a. Let w = q + -56. Is w a prime number?
False
Is ((-2)/24*1)/(236/330825272)*-6 a prime number?
False
Let b be (8/(-12)*4)/((-6)/1269). Is b/(-1 + (-71)/(-68)) + -3 a prime number?
True
Let l(j) = -66*j**3 - 3*j**2 + 12. Let s be l(-4). Suppose -2*p + s + 6418 = 0. Is p composite?
False
Let t = -5052 - -9906. Suppose -4322 = -8*x + t. Let z = x + -816. Is z a prime number?
True
Let i = 109665 + -61438. Is i prime?
False
Suppose -12526 = -t - 927. Suppose 279*u + t = 286*u. Is u prime?
True
Let y be (4077/5 - 1)/(24/(-180)). Let t = -2749 - y. Is t prime?
True
Suppose 0 = -53*y + 35*y + 1676826. Is y composite?
True
Let x be (-100)/(-45) - 2 - (-1084)/(-18). Is 24354/10 + 24/x composite?
True
Let b = 5 + -5. Is (b + -4911)/((-11)/((-99)/(-27))) a composite number?
False
Let y be -6 - -4*(-8)/(-4). Suppose -3*s + 5 = 4*v, 2*v + 0*v + 1 = -5*s. Suppose -v*p = -y*h + 3*p + 262, 2*p = 2*h - 262. Is h a composite number?
False
Let m(h) = -146*h**2 + 8*h + 1. Let c be m(-5). Let f = 6550 + c. Is f composite?
False
Let u(s) = 2*s**3 - 29*s**2 + 20*s + 112. Is u(23) a prime number?
False
Let b be (0/5)/(-4 - 0). Suppose -2*c - 2*c = -4*k + 4, b = 5*c + 3*k - 3. Suppose -2*p + 1 - 7 = c, -5*i - 3*p + 781 = 0. Is i a composite number?
True
Suppose 4*f = 11*f - 1582. Suppose f*s + 21985 = 231*s. Is s composite?
False
Let b = 44 - 32. Suppose -b*m + 10*m = 18. Let w(f) = -f**3 + 5*f**2 - 13*f + 4. Is w(m) a prime number?
False
Let c = 53908 + -507. Is c a prime number?
True
Let i = -738819 + 1080248. Is i composite?
True
Let v be (-250)/(-7) + 4/14. Let s = v + -36. Suppose -5*b - 5*n - 14 + 54 = s, -4*n - 56 = -4*b. Is b composite?
False
Let u = -21 - -17. Is (2/u)/(8/(-34864)) prime?
True
Suppose 919108 = -13*h - 1205417. Is (2 + 14/(-6))/(25/h) prime?
True
Suppose 304 - 296 = 4*w. Suppose -w*a = -2*z + 21286, 3*z = 2*z + 5*a + 10635. Is z a composite number?
True
Suppose -91*p + 39201812 + 45719820 = -21823461